e factors of q.
2, 3
What are the prime factors of 6/18*2766 + -1?
3, 307
Let y(p) = 61*p**2 - 138*p + 3. List the prime factors of y(4).
7, 61
Let d(v) = 34*v**2 - v + 3. Let y(m) = -101*m**2 + 3*m - 8. Let z(f) = 11*d(f) + 4*y(f). Let b be z(-1). Let l = b - -58. List the prime factors of l.
2, 7
Let p = -137 - -89. Let r = -20 - p. List the prime factors of r.
2, 7
Let a(i) = 8*i - 3 + 5*i + 2*i - i**2 + 0. What are the prime factors of a(12)?
3, 11
Let z = 48 + -19. Suppose z*a = 11*a + 4590. What are the prime factors of a?
3, 5, 17
What are the prime factors of -40 - -3150 - 4/2?
2, 3, 7, 37
What are the prime factors of -5*(-6)/5 - -1816?
2, 911
Suppose 62 = -7*r + 20. Let g = r - -41. What are the prime factors of g?
5, 7
Suppose -5*x + 5*b = -455, -9*b + 115 = x - 4*b. List the prime factors of x.
5, 19
Let k(n) = -27*n + 20. What are the prime factors of k(-2)?
2, 37
List the prime factors of -190*((-12)/(-4))/((-9)/6).
2, 5, 19
Let a(o) = -9*o - 24. Let i be a(-12). Let d = i - -21. What are the prime factors of d?
3, 5, 7
Let g(k) = -11*k - k**2 - 12*k - 12 + 2*k. Suppose 119 = -12*b + 5*b. List the prime factors of g(b).
2, 7
Suppose 0 = 5*f - 4*w - 15462, -3*w + 5*w = -5*f + 15444. List the prime factors of f.
2, 3, 5, 103
Let m(n) = n - n**3 - 5*n - 2 + 2*n + 6*n**2. List the prime factors of m(2).
2, 5
Let i = -50 + 81. Let y = 11 - i. What are the prime factors of y/90*(-8 - 1)?
2
Let x(j) = 287*j - 17. Let n be x(14). Suppose n = 10*h + 541. List the prime factors of h.
2, 173
Let d(f) = 4*f - 13. Let q(x) be the second derivative of -x**3/3 - 5*x**2/2 + x. Let t be q(-7). What are the prime factors of d(t)?
23
Suppose 0 = c - v + 2*v, 0 = 3*c - 5*v. Suppose c = l - 11 - 58. List the prime factors of l.
3, 23
Suppose -72*c + 71*c - 7239 = -3*a, -5*a + 12075 = -5*c. List the prime factors of a.
2, 3, 67
Let z = 13 + -11. Let u(g) = -1 - 2*g + g**z + 3*g - 4*g. List the prime factors of u(6).
17
Suppose -6*w + 5*w = -586. List the prime factors of w.
2, 293
Suppose 0 = 9*o + 6*o - 1125. What are the prime factors of o?
3, 5
Suppose y + 12 = -4*f, -12 = 2*y - 5*y + 4*f. Suppose -6*o + o + 40 = y. Let m = 8 + o. What are the prime factors of m?
2
Let g be (-42)/(-11) + 4/22. Let k(r) be the first derivative of -r**4/4 + 5*r**3/3 + r - 12. What are the prime factors of k(g)?
17
List the prime factors of 104/65*1510/4.
2, 151
Let n = -44 - -44. List the prime factors of (57 - n) + -20 + 23.
2, 3, 5
Suppose -5*b = 3*h - 868, -900 = -0*h - 3*h + 3*b. List the prime factors of h.
2, 37
Let f(k) = 3*k - 14. Let i be f(6). Suppose -i*x = -3*a - 184, -2*a - 219 = -5*x - a. Let u = 86 - x. What are the prime factors of u?
43
Let q = -945 - -1328. List the prime factors of q.
383
List the prime factors of (-1 - 82)/(-13 - 1760/(-136)).
17, 83
Suppose 332*i - 8124 = 320*i. List the prime factors of i.
677
Let l be 3*((-2)/(-12) + (-152)/(-48)). Suppose 15 = 2*k + 5*g, 3*k + k - 5*g - 105 = 0. Suppose -5*x = l, -5*j = -5*x + k - 80. List the prime factors of j.
2, 5
Let b = -41 + 130. Suppose -b = -3*v + 112. List the prime factors of v.
67
Let v(i) = -6 + 0*i - 2 + i + 7. What are the prime factors of v(5)?
2
Suppose -15 = 3*x, 2*f + 4*x - 284 = -2*f. What are the prime factors of f?
2, 19
Suppose 3*q = 3*g - 24, g + 3*q = -3*g - 3. What are the prime factors of (90/(-25))/(g/(-160))?
2, 3
Let q = 47 - 46. List the prime factors of (90 - (1 - 0)) + q.
2, 3, 5
Suppose -543*x = -545*x + 3862. List the prime factors of x.
1931
Suppose 20*x - 9*x - 44 = 0. Suppose 4 = -3*u + 6*u - 5*c, 4*u + c - 13 = 0. Suppose 0 = -k - 5*l + 3*l + x, 3*l = u*k - 30. What are the prime factors of k?
2
Suppose -28*g + 24 = -22*g. Suppose -t + 197 = -2*j, t - g*t + j = -616. List the prime factors of t.
3, 23
Suppose r = 5*z - 4*r - 530, 2*r + 317 = 3*z. Let f = -78 - -36. Let w = z + f. List the prime factors of w.
3, 7
Suppose 6620*t - 6630*t + 66750 = 0. List the prime factors of t.
3, 5, 89
Let l be (-27)/63 + (-160)/(-14). Suppose 3*s - l - 7 = -3*x, 0 = 2*s. Suppose -4*k = -134 + x. What are the prime factors of k?
2
Let b = 409 + -88. List the prime factors of b.
3, 107
Suppose -3*h = -3*b + 1374, -2*b = 2*b - 3*h - 1836. List the prime factors of b.
2, 3, 7, 11
Let m = -351 + 601. List the prime factors of m.
2, 5
Suppose 0 = 8*d - 7*d - 2. Suppose 0 = -2*i + 4*b + 464, 193 = -d*i - 5*b + 630. What are the prime factors of i?
2, 113
Let z be -2 + -2 + -5 + -1. Let j(q) = 21*q**2 + 5*q + 15. Let s(b) = -17*b**2 - 6*b - 15. Let g(a) = -4*j(a) - 5*s(a). List the prime factors of g(z).
3, 5
Suppose 5*g - 2504 = -2*d, -g - 4345 = -4*d + 685. List the prime factors of d.
3, 419
Let o = -310 - -743. What are the prime factors of o?
433
List the prime factors of (-48)/36*(-7 - 1175).
2, 197
Let x(h) be the second derivative of h**5/60 - h**4/8 - 7*h**3/6 - 3*h**2 + 7*h. Let w(o) be the first derivative of x(o). What are the prime factors of w(-5)?
3, 11
Let c(o) = 7*o**2 + 4*o + 1. Let j be c(3). Let u = -32 + j. List the prime factors of 480/22 - (-8)/u.
2, 11
Let p = 375 + -186. What are the prime factors of p?
3, 7
Let k = -44 - -70. Let q = k + -36. Let z = q - -36. List the prime factors of z.
2, 13
Let q(l) = -2*l**3 + 6*l**2 + 11*l - 8. What are the prime factors of q(-4)?
2, 43
Let i be 6/9 - (-8)/(-12). Suppose i*h = 5*h + 5. Let l(m) = 20*m**2 + m. What are the prime factors of l(h)?
19
What are the prime factors of (-1631)/(-23) - (-5 - (-1695)/345)?
71
Let v(q) = 4*q**3 + 2*q**2 + 7*q - 28. List the prime factors of v(4).
2, 3
Let n(o) = -o**2 + 10*o - 10. Let s(t) = t**3 + 4*t**2 + 3*t + 2. Let i be s(-3). Suppose -2*w + 28 = i*w. What are the prime factors of n(w)?
11
Let x = 137 + -313. List the prime factors of x/(-32)*1*14.
7, 11
Let s(y) = -251*y + 94. List the prime factors of s(-2).
2, 149
Let s(w) = -w**3 - 21*w**2 - 36*w - 13. List the prime factors of s(-22).
3, 421
Let h = 5560 - 3675. List the prime factors of h.
5, 13, 29
Suppose -2*n = k + 403 - 1558, -4*k = -2*n - 4630. List the prime factors of k.
13, 89
Suppose k - 1570 = 4*v - 9*v, 0 = -3*k - 4*v + 4765. List the prime factors of k.
5, 11, 29
Suppose 3*u = 2*s + 6*u - 760, 2*u - 1504 = -4*s. What are the prime factors of s?
2, 11, 17
Let a(q) = -q**3 + 0*q + 505 + q - 457. What are the prime factors of a(0)?
2, 3
Suppose 12 = -3*j, -2*w = -5*w + 2*j - 22. Let l be 0/2 + -6 + 134 + -161. Let y = w - l. List the prime factors of y.
23
Let s(g) = -4 - 1 - 3*g + 19 + 2*g. Suppose 4*d + 1 = 17, 3*d = -4*f + 40. List the prime factors of s(f).
7
Suppose 9*h + 108 = 11*h. Suppose 5*m - 8*m = h. Let i = m - -22. What are the prime factors of i?
2
Let i = 1198 + -826. List the prime factors of i.
2, 3, 31
Let q(x) = 63*x - 180. List the prime factors of q(14).
2, 3, 13
Suppose 0 = k + 3*q - 2, 7*k + 3*q = 4*k - 24. Let j = k + 16. Suppose -j*a + 35 = 2*a. List the prime factors of a.
7
Let y be (18/(-4))/((-9)/48). Suppose -y + 9 = -3*v. List the prime factors of v + 1 - (-4)/2.
2
Let m = 55 - 45. Let r(p) = -p**3 + 10*p**2 + 3*p + 5. What are the prime factors of r(m)?
5, 7
Let g(u) = u**3 + 4*u**2 - 15*u - 15. Let r be g(-6). Suppose 0 = 4*k, 5*v - k - r*k = 865. What are the prime factors of v?
173
Let f be (5 + 0)/(-5)*(-16)/2. Let p(j) = 22*j. List the prime factors of p(f).
2, 11
Let i(x) = 230*x**2 - 8*x + 1. List the prime factors of i(2).
5, 181
Let b(v) be the first derivative of 13*v**5/60 - v**4/24 - v**3/6 + 3*v**2 + 8. Let u(o) be the second derivative of b(o). What are the prime factors of u(-1)?
13
What are the prime factors of 2/(-11) - (3 - 22120/55)?
3, 7, 19
What are the prime factors of 10/(-9 + 29)*4188?
2, 3, 349
Let i(j) = -3 - 4 + 7*j + 4*j + 6. Let x = 10 - 5. List the prime factors of i(x).
2, 3
Let n(a) = 35*a**2 + 30*a - 15. List the prime factors of n(5).
2, 5, 101
Let u(s) = s**3 + 13*s**2 - 14*s + 7. What are the prime factors of u(-13)?
3, 7
Suppose -2*h + h - 3*c = -80, -420 = -5*h - 5*c. Let n = 130 - h. List the prime factors of n.
2, 11
List the prime factors of (2600/4 - -5) + 9.
2, 83
Let l = -2856 + 4681. List the prime factors of l.
5, 73
Let s = 1363 - 346. List the prime factors of s.
3, 113
Let s = 1026 - 603. What are the prime factors of s?
